{"id":1171,"date":"2018-05-05T09:11:37","date_gmt":"2018-05-05T07:11:37","guid":{"rendered":"https:\/\/www.opuzen.hr\/grad\/?page_id=1171"},"modified":"2023-02-27T12:49:50","modified_gmt":"2023-02-27T11:49:50","slug":"gradska-knjiznica-opuzen","status":"publish","type":"page","link":"https:\/\/www.opuzen.hr\/grad\/gradske-ustanove\/gradska-knjiznica-opuzen\/","title":{"rendered":"Gradska knji\u017enica Opuzen"},"content":{"rendered":"\t\t<div data-elementor-type=\"wp-page\" data-elementor-id=\"1171\" class=\"elementor elementor-1171\">\n\t\t\t\t\t\t<section class=\"has_eae_slider elementor-section elementor-top-section elementor-element elementor-element-38a5d8cd elementor-section-boxed elementor-section-height-default elementor-section-height-default\" data-id=\"38a5d8cd\" data-element_type=\"section\">\n\t\t\t\t\t\t<div class=\"elementor-container elementor-column-gap-default\">\n\t\t\t\t\t<div class=\"has_eae_slider elementor-column elementor-col-100 elementor-top-column elementor-element elementor-element-5e8b8195\" data-id=\"5e8b8195\" data-element_type=\"column\">\n\t\t\t<div class=\"elementor-widget-wrap elementor-element-populated\">\n\t\t\t\t\t\t<div class=\"elementor-element elementor-element-38ff757 elementor-widget elementor-widget-heading\" data-id=\"38ff757\" data-element_type=\"widget\" data-widget_type=\"heading.default\">\n\t\t\t\t<div class=\"elementor-widget-container\">\n\t\t\t<h1 class=\"elementor-heading-title elementor-size-xxl\">Gradska knji\u017enica Opuzen<\/h1>\t\t<\/div>\n\t\t\t\t<\/div>\n\t\t\t\t<div class=\"elementor-element elementor-element-339e32d elementor-widget-divider--separator-type-pattern elementor-widget-divider--bg-round elementor-widget-divider--view-line elementor-widget elementor-widget-divider\" data-id=\"339e32d\" data-element_type=\"widget\" data-widget_type=\"divider.default\">\n\t\t\t\t<div class=\"elementor-widget-container\">\n\t\t\t\t\t<div class=\"elementor-divider\" style=\"--divider-pattern-url: url(&quot;data:image\/svg+xml,%3Csvg xmlns=&#039;http:\/\/www.w3.org\/2000\/svg&#039; preserveAspectRatio=&#039;none&#039; overflow=&#039;visible&#039; height=&#039;100%&#039; viewBox=&#039;0 0 60 30&#039; fill=&#039;black&#039; stroke=&#039;none&#039;%3E%3Crect x=&#039;15&#039; y=&#039;0&#039; width=&#039;30&#039; height=&#039;30&#039;\/%3E%3C\/svg%3E&quot;);\">\n\t\t\t<span class=\"elementor-divider-separator\">\n\t\t\t\t\t\t<\/span>\n\t\t<\/div>\n\t\t\t\t<\/div>\n\t\t\t\t<\/div>\n\t\t\t\t<div class=\"elementor-element elementor-element-5ec191cf elementor-widget elementor-widget-text-editor\" data-id=\"5ec191cf\" data-element_type=\"widget\" data-widget_type=\"text-editor.default\">\n\t\t\t\t<div class=\"elementor-widget-container\">\n\t\t\t\t\t\t\t<p><strong>Naziv subjekta<\/strong> GRADSKA KNJI\u017dNICA OPUZEN<br \/><strong>Skra\u0107eni naziv<\/strong> GRADSKA KNJI\u017dNICA OPUZEN<br \/><strong>Tip subjekta<\/strong> Ustanova<\/p><p><strong>Ravnateljica Karmela Popi\u0107 Ke\u0161ina<\/strong><\/p><p><strong>OIB<\/strong> 89847059790<br \/><strong>Porezni broj (MB)<\/strong> 02667185<br \/><strong>Ulica i ku\u0107ni broj<\/strong> Trg opuzenske bojne 2<br \/><strong>Grad i naselje<\/strong> 20355 Opuzen &#8211; Opuzen<br \/><strong>\u017dupanija<\/strong> Dubrova\u010dko-neretvanska<\/p><p><strong>Telefon\/fax<\/strong> 020\/672352<\/p><h4>\u00a0<\/h4><p>\u00a0<\/p>\t\t\t\t\t\t<\/div>\n\t\t\t\t<\/div>\n\t\t\t\t<div class=\"elementor-element elementor-element-a29115a elementor-widget elementor-widget-accordion\" data-id=\"a29115a\" data-element_type=\"widget\" data-widget_type=\"accordion.default\">\n\t\t\t\t<div class=\"elementor-widget-container\">\n\t\t\t\t\t<div class=\"elementor-accordion\">\n\t\t\t\t\t\t\t<div class=\"elementor-accordion-item\">\n\t\t\t\t\t<div id=\"elementor-tab-title-1701\" class=\"elementor-tab-title\" data-tab=\"1\" role=\"button\" aria-controls=\"elementor-tab-content-1701\" aria-expanded=\"false\">\n\t\t\t\t\t\t\t\t\t\t\t\t\t<span class=\"elementor-accordion-icon elementor-accordion-icon-left\" aria-hidden=\"true\">\n\t\t\t\t\t\t\t\t\t\t\t\t\t\t\t<span class=\"elementor-accordion-icon-closed\"><i class=\"fas fa-plus\"><\/i><\/span>\n\t\t\t\t\t\t\t\t<span class=\"elementor-accordion-icon-opened\"><i class=\"fas fa-minus\"><\/i><\/span>\n\t\t\t\t\t\t\t\t\t\t\t\t\t\t<\/span>\n\t\t\t\t\t\t\t\t\t\t\t\t<a class=\"elementor-accordion-title\" tabindex=\"0\">Finacijska izvje\u0161\u0107a za 2022.godinu <\/a>\n\t\t\t\t\t<\/div>\n\t\t\t\t\t<div id=\"elementor-tab-content-1701\" class=\"elementor-tab-content elementor-clearfix\" data-tab=\"1\" role=\"region\" aria-labelledby=\"elementor-tab-title-1701\"><p><a href=\"https:\/\/docs.google.com\/spreadsheets\/d\/1Gbhz7kh1fRTIPZgRzlxc3ZGK1pPCXCqB\/edit?usp=sharing&amp;ouid=106077147505406505520&amp;rtpof=true&amp;sd=true\">Financijsko izvje\u0161\u0107e za razdoblje 01.01.2022. \u2013 31.12.2022.<\/a><\/p><\/div>\n\t\t\t\t<\/div>\n\t\t\t\t\t\t\t<div class=\"elementor-accordion-item\">\n\t\t\t\t\t<div id=\"elementor-tab-title-1702\" class=\"elementor-tab-title\" data-tab=\"2\" role=\"button\" aria-controls=\"elementor-tab-content-1702\" aria-expanded=\"false\">\n\t\t\t\t\t\t\t\t\t\t\t\t\t<span class=\"elementor-accordion-icon elementor-accordion-icon-left\" aria-hidden=\"true\">\n\t\t\t\t\t\t\t\t\t\t\t\t\t\t\t<span class=\"elementor-accordion-icon-closed\"><i class=\"fas fa-plus\"><\/i><\/span>\n\t\t\t\t\t\t\t\t<span class=\"elementor-accordion-icon-opened\"><i class=\"fas fa-minus\"><\/i><\/span>\n\t\t\t\t\t\t\t\t\t\t\t\t\t\t<\/span>\n\t\t\t\t\t\t\t\t\t\t\t\t<a class=\"elementor-accordion-title\" tabindex=\"0\">Financijska izvje\u0161\u0107a za 2021. godinu<\/a>\n\t\t\t\t\t<\/div>\n\t\t\t\t\t<div id=\"elementor-tab-content-1702\" class=\"elementor-tab-content elementor-clearfix\" data-tab=\"2\" role=\"region\" aria-labelledby=\"elementor-tab-title-1702\"><p><a href=\"https:\/\/docs.google.com\/spreadsheets\/d\/1tSInetUCzS0oU42Mu5qbEAKC3cVx51Bp\/edit?usp=sharing&amp;ouid=106077147505406505520&amp;rtpof=true&amp;sd=true\">Financijsko izvje\u0161\u0107e za razdoblje 01.01.2021. \u2013 31.12.2021.<\/a><\/p><\/div>\n\t\t\t\t<\/div>\n\t\t\t\t\t\t\t<div class=\"elementor-accordion-item\">\n\t\t\t\t\t<div id=\"elementor-tab-title-1703\" class=\"elementor-tab-title\" data-tab=\"3\" role=\"button\" aria-controls=\"elementor-tab-content-1703\" aria-expanded=\"false\">\n\t\t\t\t\t\t\t\t\t\t\t\t\t<span class=\"elementor-accordion-icon elementor-accordion-icon-left\" aria-hidden=\"true\">\n\t\t\t\t\t\t\t\t\t\t\t\t\t\t\t<span class=\"elementor-accordion-icon-closed\"><i class=\"fas fa-plus\"><\/i><\/span>\n\t\t\t\t\t\t\t\t<span class=\"elementor-accordion-icon-opened\"><i class=\"fas fa-minus\"><\/i><\/span>\n\t\t\t\t\t\t\t\t\t\t\t\t\t\t<\/span>\n\t\t\t\t\t\t\t\t\t\t\t\t<a class=\"elementor-accordion-title\" tabindex=\"0\">Financijska izvje\u0161\u0107a za 2020. godinu<\/a>\n\t\t\t\t\t<\/div>\n\t\t\t\t\t<div id=\"elementor-tab-content-1703\" class=\"elementor-tab-content elementor-clearfix\" data-tab=\"3\" role=\"region\" aria-labelledby=\"elementor-tab-title-1703\"><ul><li><a href=\"https:\/\/drive.google.com\/file\/d\/1NrqRqmQOgmvLnaL2xZInqz4MjsKNFXQw\/view?usp=sharing\">Financijsko izvje\u0161\u0107e za razdoblje 01.01.2020. \u2013 31.12.2020.<\/a><\/li><\/ul><\/div>\n\t\t\t\t<\/div>\n\t\t\t\t\t\t\t<div class=\"elementor-accordion-item\">\n\t\t\t\t\t<div id=\"elementor-tab-title-1704\" class=\"elementor-tab-title\" data-tab=\"4\" role=\"button\" aria-controls=\"elementor-tab-content-1704\" aria-expanded=\"false\">\n\t\t\t\t\t\t\t\t\t\t\t\t\t<span class=\"elementor-accordion-icon elementor-accordion-icon-left\" aria-hidden=\"true\">\n\t\t\t\t\t\t\t\t\t\t\t\t\t\t\t<span class=\"elementor-accordion-icon-closed\"><i class=\"fas fa-plus\"><\/i><\/span>\n\t\t\t\t\t\t\t\t<span class=\"elementor-accordion-icon-opened\"><i class=\"fas fa-minus\"><\/i><\/span>\n\t\t\t\t\t\t\t\t\t\t\t\t\t\t<\/span>\n\t\t\t\t\t\t\t\t\t\t\t\t<a class=\"elementor-accordion-title\" tabindex=\"0\">Financijska izvje\u0161\u0107a za 2019. godinu<\/a>\n\t\t\t\t\t<\/div>\n\t\t\t\t\t<div id=\"elementor-tab-content-1704\" class=\"elementor-tab-content elementor-clearfix\" data-tab=\"4\" role=\"region\" aria-labelledby=\"elementor-tab-title-1704\"><ul><li><a href=\"https:\/\/drive.google.com\/file\/d\/1zYNM51mlpmiVyF_gpAhxImjlpBCi62cs\/view?usp=sharing\" target=\"_blank\" rel=\"noopener\">Financijsko izvje\u0161\u0107e za razdoblje 01.01.2019. \u2013 31.12.2019.<\/a><\/li><li><a href=\"https:\/\/drive.google.com\/file\/d\/1wBJBa4ujgqya7sRX8jynKY-g05caokC2\/view?usp=sharing\" target=\"_blank\" rel=\"noopener\">Potvrda o preuzetom financijskom izvje\u0161taju prora\u010duna, prora\u010dunskih i izvanprora\u010dunskih korisnika<\/a><\/li><\/ul><\/div>\n\t\t\t\t<\/div>\n\t\t\t\t\t\t\t<div class=\"elementor-accordion-item\">\n\t\t\t\t\t<div id=\"elementor-tab-title-1705\" class=\"elementor-tab-title\" data-tab=\"5\" role=\"button\" aria-controls=\"elementor-tab-content-1705\" aria-expanded=\"false\">\n\t\t\t\t\t\t\t\t\t\t\t\t\t<span class=\"elementor-accordion-icon elementor-accordion-icon-left\" aria-hidden=\"true\">\n\t\t\t\t\t\t\t\t\t\t\t\t\t\t\t<span class=\"elementor-accordion-icon-closed\"><i class=\"fas fa-plus\"><\/i><\/span>\n\t\t\t\t\t\t\t\t<span class=\"elementor-accordion-icon-opened\"><i class=\"fas fa-minus\"><\/i><\/span>\n\t\t\t\t\t\t\t\t\t\t\t\t\t\t<\/span>\n\t\t\t\t\t\t\t\t\t\t\t\t<a class=\"elementor-accordion-title\" tabindex=\"0\">Preuzmite ostalu dokumentaciju<\/a>\n\t\t\t\t\t<\/div>\n\t\t\t\t\t<div id=\"elementor-tab-content-1705\" class=\"elementor-tab-content elementor-clearfix\" data-tab=\"5\" role=\"region\" aria-labelledby=\"elementor-tab-title-1705\"><p><strong>PLAN NABAVE ZA 2020. GODINU<\/strong><\/p><ol><li><a href=\"https:\/\/drive.google.com\/file\/d\/1LOpKRxTHed6NyTFD--o4S-WoeO6_MgIB\/view?usp=sharing\" target=\"_blank\" rel=\"noopener\">Plan nabave za 2020. godinu<\/a><\/li><li><a href=\"https:\/\/drive.google.com\/file\/d\/1XWu6jjxBN0c73-hqFn19T7He5TxCFnZ5\/view?usp=sharing\" target=\"_blank\" rel=\"noopener\">Popis gospodarskih subjekata s kojima je na naru\u010ditelj u sukobu interesa za 2020. godinu<\/a><\/li><\/ol><p>\u00a0<\/p><p><strong>PLAN NABAVE ZA 2019. godinu<\/strong><\/p><ol><li><a href=\"https:\/\/drive.google.com\/file\/d\/1G7kpfEtdDwSGV_0CGtMpiyLnURtXLel9\/view?usp=sharing\" target=\"_blank\" rel=\"noopener\">Plan nabave za 2019. godinu<\/a><\/li><li><a href=\"https:\/\/drive.google.com\/file\/d\/1WRjil8vi6gyvRrKGHtksPR6CyL2xO2AT\/view?usp=sharing\" target=\"_blank\" rel=\"noopener\">Popis gospodarskih subjekata s kojima je naru\u010ditelj u sukobu interesa za 2019. godinu<\/a><\/li><\/ol><hr \/><p>\u00a0<\/p><ol><li><a href=\"https:\/\/drive.google.com\/file\/d\/1D43pOic3lcB5flTZSEqtgWxpElY0ou-5\/view?usp=sharing\" target=\"_blank\" rel=\"noopener\">Godi\u0161nji financijski izvje\u0161taj Gradska knji\u017enica Opuzen 01.01.2018.- 31.12.2018.<\/a><\/li><li><a href=\"https:\/\/drive.google.com\/file\/d\/1ItYIMnF-6LBcKN7hZsDM-QO9OU6Gl0Wb\/view?usp=sharing\" target=\"_blank\" rel=\"noopener\">Pravilnik o provo\u0111enju postupka jednostavne nabave<\/a><\/li><li><a href=\"https:\/\/drive.google.com\/file\/d\/1bhhIX1uvSOzYyI5PP8kDIILMWZZ8IzeW\/view?usp=sharing\" target=\"_blank\" rel=\"noopener\">Plan nabave za 2018. godinu<\/a><\/li><li><a href=\"https:\/\/drive.google.com\/file\/d\/1uw8c9iELi_jwTsBDn5lAgqBnE-lTIY-C\/view?usp=sharing\" target=\"_blank\" rel=\"noopener\">Sukob interesa, popis godspodarskih subjekata<\/a><\/li><li><a href=\"https:\/\/drive.google.com\/file\/d\/1Y2kT5KllVjxTkSJbeSyjckVi2vIiWbLa\/view?usp=sharing\">Financijsko izvje\u0161\u0107e za 2017. godinu<\/a><\/li><li><a href=\"https:\/\/drive.google.com\/file\/d\/1Nuji4-2ee603pHvtopWXd6EaQ0gPNUX_\/view?usp=sharing\" target=\"_blank\" rel=\"noopener\">Financijsko izvje\u0161\u0107e za 2016. godinu<\/a><\/li><li><a href=\"https:\/\/drive.google.com\/file\/d\/1q6bWyDHSQ6XTB8MbaA5SIAATRuFAEGvX\/view?usp=sharing\" target=\"_blank\" rel=\"noopener\">Potvrda o preuzetom financijskom izvje\u0161taju prora\u010duna, prora\u010dunskih i izvanprora\u010dunskih korisnika za 2016. godinu<\/a><\/li><li><a href=\"https:\/\/drive.google.com\/file\/d\/1cBhbY5qV4toWcLMGnreiA6QodVnTL4-4\/view?usp=sharing\" target=\"_blank\" rel=\"noopener\">Potvrda o preuzetom financijskom izvje\u0161taju prora\u010duna, prora\u010dunskih i izvanprora\u010dunskih korisnika za 2015. godinu<\/a><\/li><li><a href=\"https:\/\/drive.google.com\/file\/d\/1-HHqn8U5TTHQwtTuO8pQBIkDYD077x6U\/view?usp=sharing\" target=\"_blank\" rel=\"noopener\">Financijsko izvje\u0161\u0107e za 2015. godinu<\/a><\/li><li><a href=\"https:\/\/drive.google.com\/file\/d\/19jMqcl0XMsTNyfjUaYf74fZoTP7tjpcd\/view?usp=sharing\" target=\"_blank\" rel=\"noopener\">Bilje\u0161ke uz financijsko izvje\u0161\u0107e za 2015. godinu<\/a><\/li><\/ol><\/div>\n\t\t\t\t<\/div>\n\t\t\t\t\t\t\t\t<\/div>\n\t\t\t\t<\/div>\n\t\t\t\t<\/div>\n\t\t\t\t\t<\/div>\n\t\t<\/div>\n\t\t\t\t\t<\/div>\n\t\t<\/section>\n\t\t\t\t<\/div>\n\t\t","protected":false},"excerpt":{"rendered":"<p>Gradska knji\u017enica Opuzen Naziv subjekta GRADSKA KNJI\u017dNICA OPUZENSkra\u0107eni naziv GRADSKA KNJI\u017dNICA OPUZENTip subjekta Ustanova Ravnateljica&#8230;<\/p>\n","protected":false},"author":3,"featured_media":0,"parent":1134,"menu_order":0,"comment_status":"closed","ping_status":"closed","template":"","meta":{"footnotes":""},"class_list":["post-1171","page","type-page","status-publish","hentry"],"yoast_head":"<!-- This site is optimized with the Yoast SEO plugin v23.1 - https:\/\/yoast.com\/wordpress\/plugins\/seo\/ -->\n<title>Gradska knji\u017enica Opuzen - Grad Opuzen<\/title>\n<meta name=\"robots\" content=\"index, follow, max-snippet:-1, max-image-preview:large, max-video-preview:-1\" \/>\n<link rel=\"canonical\" href=\"https:\/\/www.opuzen.hr\/grad\/gradske-ustanove\/gradska-knjiznica-opuzen\/\" \/>\n<meta property=\"og:locale\" content=\"hr_HR\" \/>\n<meta property=\"og:type\" content=\"article\" \/>\n<meta property=\"og:title\" content=\"Gradska knji\u017enica Opuzen - Grad Opuzen\" \/>\n<meta property=\"og:description\" content=\"Gradska knji\u017enica Opuzen Naziv subjekta GRADSKA KNJI\u017dNICA OPUZENSkra\u0107eni naziv GRADSKA KNJI\u017dNICA OPUZENTip subjekta Ustanova Ravnateljica...\" \/>\n<meta property=\"og:url\" content=\"https:\/\/www.opuzen.hr\/grad\/gradske-ustanove\/gradska-knjiznica-opuzen\/\" \/>\n<meta property=\"og:site_name\" content=\"Grad Opuzen\" \/>\n<meta property=\"article:modified_time\" content=\"2023-02-27T11:49:50+00:00\" \/>\n<meta name=\"twitter:card\" content=\"summary_large_image\" \/>\n<meta name=\"twitter:label1\" content=\"Procijenjeno vrijeme \u010ditanja\" \/>\n\t<meta name=\"twitter:data1\" content=\"1 minuta\" \/>\n<script type=\"application\/ld+json\" class=\"yoast-schema-graph\">{\"@context\":\"https:\/\/schema.org\",\"@graph\":[{\"@type\":\"WebPage\",\"@id\":\"https:\/\/www.opuzen.hr\/grad\/gradske-ustanove\/gradska-knjiznica-opuzen\/\",\"url\":\"https:\/\/www.opuzen.hr\/grad\/gradske-ustanove\/gradska-knjiznica-opuzen\/\",\"name\":\"Gradska knji\u017enica Opuzen - Grad Opuzen\",\"isPartOf\":{\"@id\":\"https:\/\/www.opuzen.hr\/grad\/#website\"},\"datePublished\":\"2018-05-05T07:11:37+00:00\",\"dateModified\":\"2023-02-27T11:49:50+00:00\",\"breadcrumb\":{\"@id\":\"https:\/\/www.opuzen.hr\/grad\/gradske-ustanove\/gradska-knjiznica-opuzen\/#breadcrumb\"},\"inLanguage\":\"hr\",\"potentialAction\":[{\"@type\":\"ReadAction\",\"target\":[\"https:\/\/www.opuzen.hr\/grad\/gradske-ustanove\/gradska-knjiznica-opuzen\/\"]}]},{\"@type\":\"BreadcrumbList\",\"@id\":\"https:\/\/www.opuzen.hr\/grad\/gradske-ustanove\/gradska-knjiznica-opuzen\/#breadcrumb\",\"itemListElement\":[{\"@type\":\"ListItem\",\"position\":1,\"name\":\"Po\u010detna stranica\",\"item\":\"https:\/\/www.opuzen.hr\/grad\/\"},{\"@type\":\"ListItem\",\"position\":2,\"name\":\"Gradske ustanove\",\"item\":\"https:\/\/www.opuzen.hr\/grad\/gradske-ustanove\/\"},{\"@type\":\"ListItem\",\"position\":3,\"name\":\"Gradska knji\u017enica Opuzen\"}]},{\"@type\":\"WebSite\",\"@id\":\"https:\/\/www.opuzen.hr\/grad\/#website\",\"url\":\"https:\/\/www.opuzen.hr\/grad\/\",\"name\":\"Grad Opuzen\",\"description\":\"Slu\u017ebene mre\u017ene stranice Grada Opuzena\",\"publisher\":{\"@id\":\"https:\/\/www.opuzen.hr\/grad\/#organization\"},\"potentialAction\":[{\"@type\":\"SearchAction\",\"target\":{\"@type\":\"EntryPoint\",\"urlTemplate\":\"https:\/\/www.opuzen.hr\/grad\/?s={search_term_string}\"},\"query-input\":\"required name=search_term_string\"}],\"inLanguage\":\"hr\"},{\"@type\":\"Organization\",\"@id\":\"https:\/\/www.opuzen.hr\/grad\/#organization\",\"name\":\"Grad Opuzen\",\"url\":\"https:\/\/www.opuzen.hr\/grad\/\",\"logo\":{\"@type\":\"ImageObject\",\"inLanguage\":\"hr\",\"@id\":\"https:\/\/www.opuzen.hr\/grad\/#\/schema\/logo\/image\/\",\"url\":\"https:\/\/www.opuzen.hr\/grad\/wp-content\/uploads\/2018\/02\/logo-opuzen.jpg\",\"contentUrl\":\"https:\/\/www.opuzen.hr\/grad\/wp-content\/uploads\/2018\/02\/logo-opuzen.jpg\",\"width\":400,\"height\":400,\"caption\":\"Grad Opuzen\"},\"image\":{\"@id\":\"https:\/\/www.opuzen.hr\/grad\/#\/schema\/logo\/image\/\"}}]}<\/script>\n<!-- \/ Yoast SEO plugin. -->","yoast_head_json":{"title":"Gradska knji\u017enica Opuzen - Grad Opuzen","robots":{"index":"index","follow":"follow","max-snippet":"max-snippet:-1","max-image-preview":"max-image-preview:large","max-video-preview":"max-video-preview:-1"},"canonical":"https:\/\/www.opuzen.hr\/grad\/gradske-ustanove\/gradska-knjiznica-opuzen\/","og_locale":"hr_HR","og_type":"article","og_title":"Gradska knji\u017enica Opuzen - Grad Opuzen","og_description":"Gradska knji\u017enica Opuzen Naziv subjekta GRADSKA KNJI\u017dNICA OPUZENSkra\u0107eni naziv GRADSKA KNJI\u017dNICA OPUZENTip subjekta Ustanova Ravnateljica...","og_url":"https:\/\/www.opuzen.hr\/grad\/gradske-ustanove\/gradska-knjiznica-opuzen\/","og_site_name":"Grad Opuzen","article_modified_time":"2023-02-27T11:49:50+00:00","twitter_card":"summary_large_image","twitter_misc":{"Procijenjeno vrijeme \u010ditanja":"1 minuta"},"schema":{"@context":"https:\/\/schema.org","@graph":[{"@type":"WebPage","@id":"https:\/\/www.opuzen.hr\/grad\/gradske-ustanove\/gradska-knjiznica-opuzen\/","url":"https:\/\/www.opuzen.hr\/grad\/gradske-ustanove\/gradska-knjiznica-opuzen\/","name":"Gradska knji\u017enica Opuzen - Grad Opuzen","isPartOf":{"@id":"https:\/\/www.opuzen.hr\/grad\/#website"},"datePublished":"2018-05-05T07:11:37+00:00","dateModified":"2023-02-27T11:49:50+00:00","breadcrumb":{"@id":"https:\/\/www.opuzen.hr\/grad\/gradske-ustanove\/gradska-knjiznica-opuzen\/#breadcrumb"},"inLanguage":"hr","potentialAction":[{"@type":"ReadAction","target":["https:\/\/www.opuzen.hr\/grad\/gradske-ustanove\/gradska-knjiznica-opuzen\/"]}]},{"@type":"BreadcrumbList","@id":"https:\/\/www.opuzen.hr\/grad\/gradske-ustanove\/gradska-knjiznica-opuzen\/#breadcrumb","itemListElement":[{"@type":"ListItem","position":1,"name":"Po\u010detna stranica","item":"https:\/\/www.opuzen.hr\/grad\/"},{"@type":"ListItem","position":2,"name":"Gradske ustanove","item":"https:\/\/www.opuzen.hr\/grad\/gradske-ustanove\/"},{"@type":"ListItem","position":3,"name":"Gradska knji\u017enica Opuzen"}]},{"@type":"WebSite","@id":"https:\/\/www.opuzen.hr\/grad\/#website","url":"https:\/\/www.opuzen.hr\/grad\/","name":"Grad Opuzen","description":"Slu\u017ebene mre\u017ene stranice Grada Opuzena","publisher":{"@id":"https:\/\/www.opuzen.hr\/grad\/#organization"},"potentialAction":[{"@type":"SearchAction","target":{"@type":"EntryPoint","urlTemplate":"https:\/\/www.opuzen.hr\/grad\/?s={search_term_string}"},"query-input":"required name=search_term_string"}],"inLanguage":"hr"},{"@type":"Organization","@id":"https:\/\/www.opuzen.hr\/grad\/#organization","name":"Grad Opuzen","url":"https:\/\/www.opuzen.hr\/grad\/","logo":{"@type":"ImageObject","inLanguage":"hr","@id":"https:\/\/www.opuzen.hr\/grad\/#\/schema\/logo\/image\/","url":"https:\/\/www.opuzen.hr\/grad\/wp-content\/uploads\/2018\/02\/logo-opuzen.jpg","contentUrl":"https:\/\/www.opuzen.hr\/grad\/wp-content\/uploads\/2018\/02\/logo-opuzen.jpg","width":400,"height":400,"caption":"Grad Opuzen"},"image":{"@id":"https:\/\/www.opuzen.hr\/grad\/#\/schema\/logo\/image\/"}}]}},"_links":{"self":[{"href":"https:\/\/www.opuzen.hr\/grad\/wp-json\/wp\/v2\/pages\/1171"}],"collection":[{"href":"https:\/\/www.opuzen.hr\/grad\/wp-json\/wp\/v2\/pages"}],"about":[{"href":"https:\/\/www.opuzen.hr\/grad\/wp-json\/wp\/v2\/types\/page"}],"author":[{"embeddable":true,"href":"https:\/\/www.opuzen.hr\/grad\/wp-json\/wp\/v2\/users\/3"}],"replies":[{"embeddable":true,"href":"https:\/\/www.opuzen.hr\/grad\/wp-json\/wp\/v2\/comments?post=1171"}],"version-history":[{"count":28,"href":"https:\/\/www.opuzen.hr\/grad\/wp-json\/wp\/v2\/pages\/1171\/revisions"}],"predecessor-version":[{"id":44415,"href":"https:\/\/www.opuzen.hr\/grad\/wp-json\/wp\/v2\/pages\/1171\/revisions\/44415"}],"up":[{"embeddable":true,"href":"https:\/\/www.opuzen.hr\/grad\/wp-json\/wp\/v2\/pages\/1134"}],"wp:attachment":[{"href":"https:\/\/www.opuzen.hr\/grad\/wp-json\/wp\/v2\/media?parent=1171"}],"curies":[{"name":"wp","href":"https:\/\/api.w.org\/{rel}","templated":true}]}}