{"id":7661,"date":"2020-12-10T18:50:56","date_gmt":"2020-12-10T17:50:56","guid":{"rendered":"https:\/\/www.opuzen.hr\/grad\/?page_id=7661"},"modified":"2020-12-17T15:11:50","modified_gmt":"2020-12-17T14:11:50","slug":"prethodno-savjetovanje-javne-nabave","status":"publish","type":"page","link":"https:\/\/www.opuzen.hr\/grad\/postupci-javne-nabave\/prethodno-savjetovanje-javne-nabave\/","title":{"rendered":"Prethodno savjetovanje u sklopu javne nabave"},"content":{"rendered":"\t\t<div data-elementor-type=\"wp-page\" data-elementor-id=\"7661\" class=\"elementor elementor-7661\">\n\t\t\t\t\t\t<section class=\"has_eae_slider elementor-section elementor-top-section elementor-element elementor-element-6cee010 elementor-section-boxed elementor-section-height-default elementor-section-height-default\" data-id=\"6cee010\" data-element_type=\"section\">\n\t\t\t\t\t\t<div class=\"elementor-container elementor-column-gap-default\">\n\t\t\t\t\t<div class=\"has_eae_slider elementor-column elementor-col-100 elementor-top-column elementor-element elementor-element-0107129\" data-id=\"0107129\" data-element_type=\"column\">\n\t\t\t<div class=\"elementor-widget-wrap elementor-element-populated\">\n\t\t\t\t\t\t<div class=\"elementor-element elementor-element-fb24de0 elementor-widget elementor-widget-heading\" data-id=\"fb24de0\" data-element_type=\"widget\" data-widget_type=\"heading.default\">\n\t\t\t\t<div class=\"elementor-widget-container\">\n\t\t\t<h2 class=\"elementor-heading-title elementor-size-xxl\">Prethodno savjetovanje u sklopu javne nabave<\/h2>\t\t<\/div>\n\t\t\t\t<\/div>\n\t\t\t\t<div class=\"elementor-element elementor-element-73e74d1 elementor-widget-divider--separator-type-pattern elementor-widget-divider--bg-round elementor-widget-divider--view-line elementor-widget elementor-widget-divider\" data-id=\"73e74d1\" data-element_type=\"widget\" data-widget_type=\"divider.default\">\n\t\t\t\t<div class=\"elementor-widget-container\">\n\t\t\t\t\t<div class=\"elementor-divider\" style=\"--divider-pattern-url: url(&quot;data:image\/svg+xml,%3Csvg xmlns=&#039;http:\/\/www.w3.org\/2000\/svg&#039; preserveAspectRatio=&#039;none&#039; overflow=&#039;visible&#039; height=&#039;100%&#039; viewBox=&#039;0 0 60 30&#039; fill=&#039;black&#039; stroke=&#039;none&#039;%3E%3Crect x=&#039;15&#039; y=&#039;0&#039; width=&#039;30&#039; height=&#039;30&#039;\/%3E%3C\/svg%3E&quot;);\">\n\t\t\t<span class=\"elementor-divider-separator\">\n\t\t\t\t\t\t<\/span>\n\t\t<\/div>\n\t\t\t\t<\/div>\n\t\t\t\t<\/div>\n\t\t\t\t\t<\/div>\n\t\t<\/div>\n\t\t\t\t\t<\/div>\n\t\t<\/section>\n\t\t\t\t<section class=\"has_eae_slider elementor-section elementor-top-section elementor-element elementor-element-06c5cf8 elementor-section-boxed elementor-section-height-default elementor-section-height-default\" data-id=\"06c5cf8\" data-element_type=\"section\">\n\t\t\t\t\t\t<div class=\"elementor-container elementor-column-gap-default\">\n\t\t\t\t\t<div class=\"has_eae_slider elementor-column elementor-col-100 elementor-top-column elementor-element elementor-element-dab3259\" data-id=\"dab3259\" data-element_type=\"column\">\n\t\t\t<div class=\"elementor-widget-wrap elementor-element-populated\">\n\t\t\t\t\t\t<div class=\"elementor-element elementor-element-1ad8e8d elementor-alert-info elementor-widget elementor-widget-alert\" data-id=\"1ad8e8d\" data-element_type=\"widget\" data-widget_type=\"alert.default\">\n\t\t\t\t<div class=\"elementor-widget-container\">\n\t\t\t\t\t<div class=\"elementor-alert\" role=\"alert\">\n\n\t\t\t\t\t\t<span class=\"elementor-alert-title\">Prethodno savjetovanje u sklopu javne nabave<\/span>\n\t\t\t\n\t\t\t\t\t\t<span class=\"elementor-alert-description\">Grad Opuzen, kao javni naru\u010ditelj, obvezan je temeljem \u010dlanka 198. stavka 3. Zakona o javnoj nabavi (\u201eNarodne novine\u201c, broj 120\/16), prije pokretanja otvorenog ili ograni\u010denog postupka javne nabave za nabavu radova (male i velike vrijednosti) ili postupka javne nabave velike vrijednosti za nabavu robe ili usluga, provesti postupak obveznog savjetovanja sa zainteresiranim gospodarskim subjektima u trajanju od minimalno 5 (pet) dana.<br><br>\nNa prethodno savjetovanje stavlja se:<br><br>\n- opis predmeta nabave,<br>\n- tehni\u010dke specifikacije,<br>\n- kriterije za kvalitativni odabir gospodarskog subjekta,<br>\n- kriterije za odabir ponude i<br>\n- posebne uvjeti za izvr\u0161enje ugovora.\n<br><br>\nSvi zainteresirani gospodarski subjekti za dobivanje ugovora o javnoj nabavi pozivaju se na sudjelovanje u prethodnom savjetovanju kako bi davanjem primjedbi, prijedloga i savjeta doprinijeli kvalitetnijoj provedbi postupka nabave i odabiru najbolje ponude, po\u0161tuju\u0107i na\u010dela tr\u017ei\u0161nog natjecanja, zabrane diskriminacije i transparentnosti u postupcima javne nabave.<br><br>\nNakon svakog provedenog savjetovanja Grad Opuzen razmotrit \u0107e sve primjedbe i prijedloge zainteresiranih gospodarskih subjekata, izraditi izvje\u0161\u0107e o prihva\u0107enim i neprihva\u0107enim primjedbama i prijedlozima te ga objaviti na svojoj internetskoj stranici.\n\n<\/span>\n\t\t\t\n\t\t\t\n\t\t<\/div>\n\t\t\t\t<\/div>\n\t\t\t\t<\/div>\n\t\t\t\t<div class=\"elementor-element elementor-element-2ae5b34 elementor-align-right elementor-widget elementor-widget-button\" data-id=\"2ae5b34\" data-element_type=\"widget\" data-widget_type=\"button.default\">\n\t\t\t\t<div class=\"elementor-widget-container\">\n\t\t\t\t\t<div class=\"elementor-button-wrapper\">\n\t\t\t<a class=\"elementor-button elementor-button-link elementor-size-lg\" href=\"https:\/\/www.opuzen.hr\/grad\/dokumenti\/javna-nabava\/\">\n\t\t\t\t\t\t<span class=\"elementor-button-content-wrapper\">\n\t\t\t\t\t\t<span class=\"elementor-button-icon\">\n\t\t\t\t<i aria-hidden=\"true\" class=\"far fa-arrow-alt-circle-left\"><\/i>\t\t\t<\/span>\n\t\t\t\t\t\t\t\t\t<span class=\"elementor-button-text\">Javna nabava<\/span>\n\t\t\t\t\t<\/span>\n\t\t\t\t\t<\/a>\n\t\t<\/div>\n\t\t\t\t<\/div>\n\t\t\t\t<\/div>\n\t\t\t\t<div class=\"elementor-element elementor-element-ed10e78 elementor-widget-divider--view-line_icon elementor-widget-divider--separator-type-pattern elementor-widget-divider--no-spacing elementor-view-default elementor-widget-divider--element-align-center elementor-widget elementor-widget-divider\" data-id=\"ed10e78\" data-element_type=\"widget\" data-widget_type=\"divider.default\">\n\t\t\t\t<div class=\"elementor-widget-container\">\n\t\t\t\t\t<div class=\"elementor-divider\" style=\"--divider-pattern-url: url(&quot;data:image\/svg+xml,%3Csvg xmlns=&#039;http:\/\/www.w3.org\/2000\/svg&#039; preserveAspectRatio=&#039;xMidYMid meet&#039; overflow=&#039;visible&#039; height=&#039;100%&#039; viewBox=&#039;0 0 126 26&#039; fill=&#039;black&#039; stroke=&#039;none&#039;%3E%3Cpath d=&#039;M3,10.2c2.6,0,2.6,2,2.6,3.2S4.4,16.5,3,16.5s-3-1.4-3-3.2S0.4,10.2,3,10.2z M18.8,10.2c1.7,0,3.2,1.4,3.2,3.2s-1.4,3.2-3.2,3.2c-1.7,0-3.2-1.4-3.2-3.2S17,10.2,18.8,10.2z M34.6,10.2c1.5,0,2.6,1.4,2.6,3.2s-0.5,3.2-1.9,3.2c-1.5,0-3.4-1.4-3.4-3.2S33.1,10.2,34.6,10.2z M50.5,10.2c1.7,0,3.2,1.4,3.2,3.2s-1.4,3.2-3.2,3.2c-1.7,0-3.3-0.9-3.3-2.6S48.7,10.2,50.5,10.2z M66.2,10.2c1.5,0,3.4,1.4,3.4,3.2s-1.9,3.2-3.4,3.2c-1.5,0-2.6-0.4-2.6-2.1S64.8,10.2,66.2,10.2z M82.2,10.2c1.7,0.8,2.6,1.4,2.6,3.2s-0.1,3.2-1.6,3.2c-1.5,0-3.7-1.4-3.7-3.2S80.5,9.4,82.2,10.2zM98.6,10.2c1.5,0,2.6,0.4,2.6,2.1s-1.2,4.2-2.6,4.2c-1.5,0-3.7-0.4-3.7-2.1S97.1,10.2,98.6,10.2z M113.4,10.2c1.2,0,2.2,0.9,2.2,3.2s-0.1,3.2-1.3,3.2s-3.1-1.4-3.1-3.2S112.2,10.2,113.4,10.2z&#039;\/%3E%3C\/svg%3E&quot;);\">\n\t\t\t<span class=\"elementor-divider-separator\">\n\t\t\t\t\t\t\t<div class=\"elementor-icon elementor-divider__element\">\n\t\t\t\t\t<i aria-hidden=\"true\" class=\"fas fa-angle-double-down\"><\/i><\/div>\n\t\t\t\t\t\t<\/span>\n\t\t<\/div>\n\t\t\t\t<\/div>\n\t\t\t\t<\/div>\n\t\t\t\t\t<\/div>\n\t\t<\/div>\n\t\t\t\t\t<\/div>\n\t\t<\/section>\n\t\t\t\t<section class=\"has_eae_slider elementor-section elementor-top-section elementor-element elementor-element-b822662 elementor-section-boxed elementor-section-height-default elementor-section-height-default\" data-id=\"b822662\" data-element_type=\"section\">\n\t\t\t\t\t\t<div class=\"elementor-container elementor-column-gap-default\">\n\t\t\t\t\t<div class=\"has_eae_slider elementor-column elementor-col-100 elementor-top-column elementor-element elementor-element-d371c9c\" data-id=\"d371c9c\" data-element_type=\"column\">\n\t\t\t<div class=\"elementor-widget-wrap elementor-element-populated\">\n\t\t\t\t\t\t<div class=\"elementor-element elementor-element-1c201c1 elementor-widget elementor-widget-text-editor\" data-id=\"1c201c1\" data-element_type=\"widget\" data-widget_type=\"text-editor.default\">\n\t\t\t\t<div class=\"elementor-widget-container\">\n\t\t\t\t\t\t\t<h2>Izvje\u0161\u0107e o provedenoj analizi tr\u017ei\u0161ta\/prethodnom savjetovanju sa zainteresiranim gospodarskim subjektima za pripremu otvorenog postupka javne nabave male vrijednosti u predmetu &#8211; &#8220;Izgradnja i opremanje recikla\u017enog dvori\u0161ta Opuzen&#8221;<strong style=\"font-size: 22px;\">\u00a0<\/strong><span style=\"font-size: 22px;\">\u00a0<\/span><\/h2><h2><strong>Evidencijski broj nabave: 10\/20<\/strong><\/h2><ul><li><a href=\"https:\/\/drive.google.com\/file\/d\/1SxMRbQGwMaGb4xeVtpeGHn8zu_n4AihM\/view?usp=sharing\">Izvje\u0161\u0107e o provedenoj analizi tr\u017ei\u0161ta i prethodnom savjetovanju<\/a><\/li><\/ul>\t\t\t\t\t\t<\/div>\n\t\t\t\t<\/div>\n\t\t\t\t<div class=\"elementor-element elementor-element-178fd47 elementor-widget-divider--view-line_icon elementor-widget-divider--separator-type-pattern elementor-widget-divider--no-spacing elementor-view-default elementor-widget-divider--element-align-center elementor-widget elementor-widget-divider\" data-id=\"178fd47\" data-element_type=\"widget\" data-widget_type=\"divider.default\">\n\t\t\t\t<div class=\"elementor-widget-container\">\n\t\t\t\t\t<div class=\"elementor-divider\" style=\"--divider-pattern-url: url(&quot;data:image\/svg+xml,%3Csvg xmlns=&#039;http:\/\/www.w3.org\/2000\/svg&#039; preserveAspectRatio=&#039;xMidYMid meet&#039; overflow=&#039;visible&#039; height=&#039;100%&#039; viewBox=&#039;0 0 126 26&#039; fill=&#039;black&#039; stroke=&#039;none&#039;%3E%3Cpath d=&#039;M3,10.2c2.6,0,2.6,2,2.6,3.2S4.4,16.5,3,16.5s-3-1.4-3-3.2S0.4,10.2,3,10.2z M18.8,10.2c1.7,0,3.2,1.4,3.2,3.2s-1.4,3.2-3.2,3.2c-1.7,0-3.2-1.4-3.2-3.2S17,10.2,18.8,10.2z M34.6,10.2c1.5,0,2.6,1.4,2.6,3.2s-0.5,3.2-1.9,3.2c-1.5,0-3.4-1.4-3.4-3.2S33.1,10.2,34.6,10.2z M50.5,10.2c1.7,0,3.2,1.4,3.2,3.2s-1.4,3.2-3.2,3.2c-1.7,0-3.3-0.9-3.3-2.6S48.7,10.2,50.5,10.2z M66.2,10.2c1.5,0,3.4,1.4,3.4,3.2s-1.9,3.2-3.4,3.2c-1.5,0-2.6-0.4-2.6-2.1S64.8,10.2,66.2,10.2z M82.2,10.2c1.7,0.8,2.6,1.4,2.6,3.2s-0.1,3.2-1.6,3.2c-1.5,0-3.7-1.4-3.7-3.2S80.5,9.4,82.2,10.2zM98.6,10.2c1.5,0,2.6,0.4,2.6,2.1s-1.2,4.2-2.6,4.2c-1.5,0-3.7-0.4-3.7-2.1S97.1,10.2,98.6,10.2z M113.4,10.2c1.2,0,2.2,0.9,2.2,3.2s-0.1,3.2-1.3,3.2s-3.1-1.4-3.1-3.2S112.2,10.2,113.4,10.2z&#039;\/%3E%3C\/svg%3E&quot;);\">\n\t\t\t<span class=\"elementor-divider-separator\">\n\t\t\t\t\t\t\t<div class=\"elementor-icon elementor-divider__element\">\n\t\t\t\t\t<i aria-hidden=\"true\" class=\"fas fa-angle-double-down\"><\/i><\/div>\n\t\t\t\t\t\t<\/span>\n\t\t<\/div>\n\t\t\t\t<\/div>\n\t\t\t\t<\/div>\n\t\t\t\t<div class=\"elementor-element elementor-element-719f0a7 elementor-widget elementor-widget-text-editor\" data-id=\"719f0a7\" data-element_type=\"widget\" data-widget_type=\"text-editor.default\">\n\t\t\t\t<div class=\"elementor-widget-container\">\n\t\t\t\t\t\t\t<h2><strong>Savjetovanje s zainteresiranim gospodarskim subjektima za pripremu i provedbu postupka javne nabave radova &#8211; &#8220;Izgradnja i opremanje recikla\u017enog dvori\u0161ta Opuzen\u201c,\u00a0<\/strong><\/h2><h2><strong>Evidencijski broj nabave: 10\/20 <\/strong><\/h2><ul><li><a href=\"https:\/\/drive.google.com\/file\/d\/1lCCLEGIRQVhsYVwApNon4V83ENRK-KhA\/view?usp=sharing\">Dokumentacija o nabavi &#8211; Izgradnja i opremanje recikla\u017enog dvori\u0161ta Opuzen<\/a><\/li><li><a href=\"https:\/\/drive.google.com\/file\/d\/1LE8OZaNFcDXtcUIOQUI8lNqnR9uv3Dzz\/view?usp=sharing\">Tro\u0161kovnik &#8211; Recikla\u017eno dvori\u0161te<\/a><\/li><li><a href=\"https:\/\/drive.google.com\/file\/d\/1mphyh4fSfIy5OBASe9y4MjBxvnX5haj3\/view?usp=sharing\">PRILOG 4. &#8211; Izjava o dostavi jamstva za otklanjanje nedostataka u jamstvenom roku<\/a><\/li><li><a href=\"https:\/\/drive.google.com\/file\/d\/1si1y3oHhlaIOFIb-ButSudjrer1DiqM7\/view?usp=sharing\">PRILOG 5. &#8211; Prijedlog ugovora<\/a><\/li><li><a href=\"https:\/\/drive.google.com\/file\/d\/1LFQIX3eC_LY7RDHxfQDe4QWdiGIUwU0F\/view?usp=sharing\">Glavni projekt &#8211; Mapa 1<\/a><\/li><li><a href=\"https:\/\/drive.google.com\/file\/d\/1M07B-w8CeE--pSo9_4ggxJ7rEL04pZDm\/view?usp=sharing\">Glavni projekt &#8211; Mapa 2<\/a><\/li><\/ul>\t\t\t\t\t\t<\/div>\n\t\t\t\t<\/div>\n\t\t\t\t\t<\/div>\n\t\t<\/div>\n\t\t\t\t\t<\/div>\n\t\t<\/section>\n\t\t\t\t<\/div>\n\t\t","protected":false},"excerpt":{"rendered":"<p>Prethodno savjetovanje u sklopu javne nabave Prethodno savjetovanje u sklopu javne nabave Grad Opuzen, kao&#8230;<\/p>\n","protected":false},"author":3,"featured_media":0,"parent":1693,"menu_order":0,"comment_status":"closed","ping_status":"closed","template":"","meta":{"footnotes":""},"class_list":["post-7661","page","type-page","status-publish","hentry"],"yoast_head":"<!-- This site is optimized with the Yoast SEO plugin v23.1 - https:\/\/yoast.com\/wordpress\/plugins\/seo\/ -->\n<title>Prethodno savjetovanje u sklopu javne nabave - Grad Opuzen<\/title>\n<meta name=\"robots\" content=\"index, follow, max-snippet:-1, max-image-preview:large, max-video-preview:-1\" \/>\n<link rel=\"canonical\" href=\"https:\/\/www.opuzen.hr\/grad\/postupci-javne-nabave\/prethodno-savjetovanje-javne-nabave\/\" \/>\n<meta property=\"og:locale\" content=\"hr_HR\" \/>\n<meta property=\"og:type\" content=\"article\" \/>\n<meta property=\"og:title\" content=\"Prethodno savjetovanje u sklopu javne nabave - Grad Opuzen\" \/>\n<meta property=\"og:description\" content=\"Prethodno savjetovanje u sklopu javne nabave Prethodno savjetovanje u sklopu javne nabave Grad Opuzen, kao...\" \/>\n<meta property=\"og:url\" content=\"https:\/\/www.opuzen.hr\/grad\/postupci-javne-nabave\/prethodno-savjetovanje-javne-nabave\/\" \/>\n<meta property=\"og:site_name\" content=\"Grad Opuzen\" \/>\n<meta property=\"article:modified_time\" content=\"2020-12-17T14:11:50+00:00\" \/>\n<meta name=\"twitter:card\" content=\"summary_large_image\" \/>\n<meta name=\"twitter:label1\" content=\"Procijenjeno vrijeme \u010ditanja\" \/>\n\t<meta name=\"twitter:data1\" content=\"2 minute\" \/>\n<script type=\"application\/ld+json\" class=\"yoast-schema-graph\">{\"@context\":\"https:\/\/schema.org\",\"@graph\":[{\"@type\":\"WebPage\",\"@id\":\"https:\/\/www.opuzen.hr\/grad\/postupci-javne-nabave\/prethodno-savjetovanje-javne-nabave\/\",\"url\":\"https:\/\/www.opuzen.hr\/grad\/postupci-javne-nabave\/prethodno-savjetovanje-javne-nabave\/\",\"name\":\"Prethodno savjetovanje u sklopu javne nabave - Grad Opuzen\",\"isPartOf\":{\"@id\":\"https:\/\/www.opuzen.hr\/grad\/#website\"},\"datePublished\":\"2020-12-10T17:50:56+00:00\",\"dateModified\":\"2020-12-17T14:11:50+00:00\",\"breadcrumb\":{\"@id\":\"https:\/\/www.opuzen.hr\/grad\/postupci-javne-nabave\/prethodno-savjetovanje-javne-nabave\/#breadcrumb\"},\"inLanguage\":\"hr\",\"potentialAction\":[{\"@type\":\"ReadAction\",\"target\":[\"https:\/\/www.opuzen.hr\/grad\/postupci-javne-nabave\/prethodno-savjetovanje-javne-nabave\/\"]}]},{\"@type\":\"BreadcrumbList\",\"@id\":\"https:\/\/www.opuzen.hr\/grad\/postupci-javne-nabave\/prethodno-savjetovanje-javne-nabave\/#breadcrumb\",\"itemListElement\":[{\"@type\":\"ListItem\",\"position\":1,\"name\":\"Po\u010detna stranica\",\"item\":\"https:\/\/www.opuzen.hr\/grad\/\"},{\"@type\":\"ListItem\",\"position\":2,\"name\":\"Javna nabava\",\"item\":\"https:\/\/www.opuzen.hr\/grad\/postupci-javne-nabave\/\"},{\"@type\":\"ListItem\",\"position\":3,\"name\":\"Prethodno savjetovanje u sklopu javne nabave\"}]},{\"@type\":\"WebSite\",\"@id\":\"https:\/\/www.opuzen.hr\/grad\/#website\",\"url\":\"https:\/\/www.opuzen.hr\/grad\/\",\"name\":\"Grad Opuzen\",\"description\":\"Slu\u017ebene mre\u017ene stranice Grada Opuzena\",\"publisher\":{\"@id\":\"https:\/\/www.opuzen.hr\/grad\/#organization\"},\"potentialAction\":[{\"@type\":\"SearchAction\",\"target\":{\"@type\":\"EntryPoint\",\"urlTemplate\":\"https:\/\/www.opuzen.hr\/grad\/?s={search_term_string}\"},\"query-input\":\"required name=search_term_string\"}],\"inLanguage\":\"hr\"},{\"@type\":\"Organization\",\"@id\":\"https:\/\/www.opuzen.hr\/grad\/#organization\",\"name\":\"Grad Opuzen\",\"url\":\"https:\/\/www.opuzen.hr\/grad\/\",\"logo\":{\"@type\":\"ImageObject\",\"inLanguage\":\"hr\",\"@id\":\"https:\/\/www.opuzen.hr\/grad\/#\/schema\/logo\/image\/\",\"url\":\"https:\/\/www.opuzen.hr\/grad\/wp-content\/uploads\/2018\/02\/logo-opuzen.jpg\",\"contentUrl\":\"https:\/\/www.opuzen.hr\/grad\/wp-content\/uploads\/2018\/02\/logo-opuzen.jpg\",\"width\":400,\"height\":400,\"caption\":\"Grad Opuzen\"},\"image\":{\"@id\":\"https:\/\/www.opuzen.hr\/grad\/#\/schema\/logo\/image\/\"}}]}<\/script>\n<!-- \/ Yoast SEO plugin. -->","yoast_head_json":{"title":"Prethodno savjetovanje u sklopu javne nabave - Grad Opuzen","robots":{"index":"index","follow":"follow","max-snippet":"max-snippet:-1","max-image-preview":"max-image-preview:large","max-video-preview":"max-video-preview:-1"},"canonical":"https:\/\/www.opuzen.hr\/grad\/postupci-javne-nabave\/prethodno-savjetovanje-javne-nabave\/","og_locale":"hr_HR","og_type":"article","og_title":"Prethodno savjetovanje u sklopu javne nabave - Grad Opuzen","og_description":"Prethodno savjetovanje u sklopu javne nabave Prethodno savjetovanje u sklopu javne nabave Grad Opuzen, kao...","og_url":"https:\/\/www.opuzen.hr\/grad\/postupci-javne-nabave\/prethodno-savjetovanje-javne-nabave\/","og_site_name":"Grad Opuzen","article_modified_time":"2020-12-17T14:11:50+00:00","twitter_card":"summary_large_image","twitter_misc":{"Procijenjeno vrijeme \u010ditanja":"2 minute"},"schema":{"@context":"https:\/\/schema.org","@graph":[{"@type":"WebPage","@id":"https:\/\/www.opuzen.hr\/grad\/postupci-javne-nabave\/prethodno-savjetovanje-javne-nabave\/","url":"https:\/\/www.opuzen.hr\/grad\/postupci-javne-nabave\/prethodno-savjetovanje-javne-nabave\/","name":"Prethodno savjetovanje u sklopu javne nabave - Grad Opuzen","isPartOf":{"@id":"https:\/\/www.opuzen.hr\/grad\/#website"},"datePublished":"2020-12-10T17:50:56+00:00","dateModified":"2020-12-17T14:11:50+00:00","breadcrumb":{"@id":"https:\/\/www.opuzen.hr\/grad\/postupci-javne-nabave\/prethodno-savjetovanje-javne-nabave\/#breadcrumb"},"inLanguage":"hr","potentialAction":[{"@type":"ReadAction","target":["https:\/\/www.opuzen.hr\/grad\/postupci-javne-nabave\/prethodno-savjetovanje-javne-nabave\/"]}]},{"@type":"BreadcrumbList","@id":"https:\/\/www.opuzen.hr\/grad\/postupci-javne-nabave\/prethodno-savjetovanje-javne-nabave\/#breadcrumb","itemListElement":[{"@type":"ListItem","position":1,"name":"Po\u010detna stranica","item":"https:\/\/www.opuzen.hr\/grad\/"},{"@type":"ListItem","position":2,"name":"Javna nabava","item":"https:\/\/www.opuzen.hr\/grad\/postupci-javne-nabave\/"},{"@type":"ListItem","position":3,"name":"Prethodno savjetovanje u sklopu javne nabave"}]},{"@type":"WebSite","@id":"https:\/\/www.opuzen.hr\/grad\/#website","url":"https:\/\/www.opuzen.hr\/grad\/","name":"Grad Opuzen","description":"Slu\u017ebene mre\u017ene stranice Grada Opuzena","publisher":{"@id":"https:\/\/www.opuzen.hr\/grad\/#organization"},"potentialAction":[{"@type":"SearchAction","target":{"@type":"EntryPoint","urlTemplate":"https:\/\/www.opuzen.hr\/grad\/?s={search_term_string}"},"query-input":"required name=search_term_string"}],"inLanguage":"hr"},{"@type":"Organization","@id":"https:\/\/www.opuzen.hr\/grad\/#organization","name":"Grad Opuzen","url":"https:\/\/www.opuzen.hr\/grad\/","logo":{"@type":"ImageObject","inLanguage":"hr","@id":"https:\/\/www.opuzen.hr\/grad\/#\/schema\/logo\/image\/","url":"https:\/\/www.opuzen.hr\/grad\/wp-content\/uploads\/2018\/02\/logo-opuzen.jpg","contentUrl":"https:\/\/www.opuzen.hr\/grad\/wp-content\/uploads\/2018\/02\/logo-opuzen.jpg","width":400,"height":400,"caption":"Grad Opuzen"},"image":{"@id":"https:\/\/www.opuzen.hr\/grad\/#\/schema\/logo\/image\/"}}]}},"_links":{"self":[{"href":"https:\/\/www.opuzen.hr\/grad\/wp-json\/wp\/v2\/pages\/7661"}],"collection":[{"href":"https:\/\/www.opuzen.hr\/grad\/wp-json\/wp\/v2\/pages"}],"about":[{"href":"https:\/\/www.opuzen.hr\/grad\/wp-json\/wp\/v2\/types\/page"}],"author":[{"embeddable":true,"href":"https:\/\/www.opuzen.hr\/grad\/wp-json\/wp\/v2\/users\/3"}],"replies":[{"embeddable":true,"href":"https:\/\/www.opuzen.hr\/grad\/wp-json\/wp\/v2\/comments?post=7661"}],"version-history":[{"count":8,"href":"https:\/\/www.opuzen.hr\/grad\/wp-json\/wp\/v2\/pages\/7661\/revisions"}],"predecessor-version":[{"id":7699,"href":"https:\/\/www.opuzen.hr\/grad\/wp-json\/wp\/v2\/pages\/7661\/revisions\/7699"}],"up":[{"embeddable":true,"href":"https:\/\/www.opuzen.hr\/grad\/wp-json\/wp\/v2\/pages\/1693"}],"wp:attachment":[{"href":"https:\/\/www.opuzen.hr\/grad\/wp-json\/wp\/v2\/media?parent=7661"}],"curies":[{"name":"wp","href":"https:\/\/api.w.org\/{rel}","templated":true}]}}